- 4*k + 6. Calculate i(4).
-10
Let w(u) = -u**3 + 15*u**2 - 13*u + 9. Give w(15).
-186
Let w(p) = 8*p + 225. Give w(-28).
1
Let f(z) = 11*z + 4. Give f(6).
70
Let h(k) = k + 40. Give h(15).
55
Let f(l) = -l**3 - 9*l**2 - 9*l - 5. Calculate f(-7).
-40
Let t(g) = 4*g. Calculate t(-1).
-4
Let c(h) = 6*h**3 - h**2 - 3*h + 3. Give c(2).
41
Let o(p) = -2*p**2 - 6*p + 12. What is o(-5)?
-8
Let u(f) = -f**3 + f**2 + 26*f + 25. Calculate u(-1).
1
Let x(b) = b**3 + 26. What is x(0)?
26
Let x(w) = 3*w**3 + w**2 + 3*w + 2. Give x(-2).
-24
Let d(j) = 18*j - 2. Give d(2).
34
Let k(o) = -7*o**2 - 7*o - 2. What is k(-3)?
-44
Let f(i) = -i**2 - 17*i - 15. Determine f(-16).
1
Let q(s) = s**3 + 12*s**2 + 9*s + 16. Calculate q(-11).
38
Let r(a) = -a**2 + 2*a + 5. Give r(-3).
-10
Let m(x) = -5*x - 84. What is m(-15)?
-9
Let o(j) = -j + 24. What is o(-19)?
43
Let q(x) = -x**3 + 2*x**2 + 4. Calculate q(3).
-5
Let s(p) = -5*p**2 + p + 4. Calculate s(3).
-38
Let h(k) = -6*k + 54. Determine h(10).
-6
Let c(n) = -n**2 - 4*n - 12. Give c(-8).
-44
Let r(l) = 15*l + 171. Calculate r(-12).
-9
Let l(c) = -c**3 - 8*c**2 - 2*c - 10. Calculate l(-8).
6
Let m(w) = -3*w**2 + 1. Give m(-3).
-26
Let b(s) = s**3 + 9*s**2 - 2*s + 10. What is b(-10)?
-70
Let b(k) = 37*k - 337. Calculate b(9).
-4
Let o(d) = 4*d - 1. What is o(4)?
15
Let g(a) = a**2 + 20*a + 57. Give g(-19).
38
Let w(y) = -y**3 + 17*y**2 - 27*y - 39. Calculate w(15).
6
Let z(k) = 4*k**2 + 29*k. Determine z(-7).
-7
Let y(r) = 28*r + 542. Calculate y(-19).
10
Let f(h) = -h**2 + 17*h - 21. Give f(15).
9
Let v(z) = 5*z**2 - 26*z - 20. Give v(6).
4
Let g(b) = -3*b**3 + 43*b**2 - 17*b + 8. Give g(14).
-34
Let z(j) = -3*j - 91. Give z(-29).
-4
Let d(c) = -2*c**2 - 14*c - 1. Calculate d(-10).
-61
Let n(g) = g**3 - 11*g**2 - g + 9. Give n(11).
-2
Let g(h) = -2*h**2 + 5*h + 2. What is g(4)?
-10
Let x(g) = g**3 - 8*g**2 - 13*g + 21. What is x(9)?
-15
Let d(a) = -a**2 + 9*a - 6. Give d(6).
12
Let k(o) = o + 6. What is k(2)?
8
Let q(o) = -o**3 + 9*o**2 + 11*o - 20. Calculate q(10).
-10
Let m(a) = a**2 - 17*a + 15. Calculate m(16).
-1
Let g(h) = -24*h**3 + h**2 - 1. What is g(1)?
-24
Let u(p) = -2*p**2 - 28*p - 74. Calculate u(-11).
-8
Let w(c) = -c**2 - 17*c - 37. What is w(-15)?
-7
Let b(h) = -2*h**2 + 9*h - 6. Calculate b(6).
-24
Let s(u) = u**2 - 26*u - 4. Determine s(23).
-73
Let b(p) = -p**3 + 26*p**2 + 60*p + 34. Calculate b(28).
146
Let i(y) = y**3 - 32*y**2 + 76*y - 485. What is i(30)?
-5
Let a(p) = -p**3 - 4*p**2 + 9*p + 30. Give a(-5).
10
Let m(a) = -2*a**2 + 8*a + 1. What is m(4)?
1
Let j(b) = -4*b + 32. Give j(11).
-12
Let x(h) = -2*h - 3. Determine x(3).
-9
Let a(r) = -r - 7. What is a(0)?
-7
Let d(w) = -7*w**3 + 1. Determine d(-1).
8
Let l(b) = b**2 + 18*b + 32. Calculate l(-14).
-24
Let g(q) = -q**2 - 6*q - 3. Determine g(-5).
2
Let q(v) = v**3 - 19*v**2 - 17*v - 67. Give q(20).
-7
Let m(u) = -u**3 - 4*u**2 + 2*u + 5. What is m(-4)?
-3
Let r(h) = -h**3 + 6*h**2 - 7. Calculate r(6).
-7
Let r(q) = -q + 4. What is r(9)?
-5
Let q(n) = n**3 + 4*n**2 - 10*n - 27. What is q(-4)?
13
Let a(k) = -k**3 - 3*k**2 - k + 2. Determine a(-1).
1
Let m(h) = -h**3 + 45*h**2 + 196*h + 14. Determine m(49).
14
Let n(d) = -3*d + 1. Give n(0).
1
Let q(a) = -a**2 + 9*a - 10. Determine q(8).
-2
Let i(c) = -c**2 + 30*c + 450. Determine i(41).
-1
Let x(s) = 3*s**3 + 2*s - 1. Give x(-2).
-29
Let i(s) = -2*s**2 + 22*s - 48. What is i(5)?
12
Let r(z) = 33*z**3 - z**2 + 2*z - 1. Give r(1).
33
Let m(t) = 10*t + 126. What is m(-13)?
-4
Let s(p) = p**3 + 12*p**2 + 13. What is s(-12)?
13
Let l(a) = -3*a + 29. Give l(8).
5
Let c(z) = 7*z - 1. Give c(-5).
-36
Let i(x) = x**2 + 6*x - 21. Calculate i(-6).
-21
Let g(l) = -2*l**2 - 7*l. Determine g(0).
0
Let i(z) = -z**2 - 3*z - 6. Give i(-3).
-6
Let r(i) = -i - 6. What is r(3)?
-9
Let t(j) = -j**2 + 3*j. Give t(3).
0
Let f(p) = -p**2 - 9*p + 22. Determine f(-10).
12
Let r(w) = 12*w - 5. Give r(-2).
-29
Let w(d) = -15*d + 206. Give w(13).
11
Let r(q) = 22*q**2 + 110*q + 4. Give r(-5).
4
Let t(h) = 2*h**2 - 26*h + 27. Give t(12).
3
Let t(o) = 57*o - 517. What is t(9)?
-4
Let s(q) = q**2 + 18*q - 125. Give s(-23).
-10
Let s(a) = -a**3 - 25*a**2 - a - 38. Calculate s(-25).
-13
Let x(b) = -25*b**2 + 3*b + 8. Determine x(-2).
-98
Let z(p) = p**2 + 6*p + 15. Calculate z(-2).
7
Let b(t) = -t - 5. Give b(4).
-9
Let s(y) = -y**3 + 27*y**2 + y - 23. Give s(27).
4
Let w(m) = 4*m - 77. Calculate w(22).
11
Let y(l) = 2*l**2 - 10*l + 12. Calculate y(11).
144
Let n(f) = 14*f**3 + f**2 - f. Calculate n(1).
14
Let s(l) = 9*l - 380. Determine s(43).
7
Let j(l) = -4*l - 96. Give j(-20).
-16
Let r(v) = v - 19. What is r(6)?
-13
Let o(b) = 9*b**2 - 2*b + 2. Calculate o(1).
9
Let q(z) = 2*z**3 + 20*z**2 + 15. What is q(-10)?
15
Let d(r) = 7*r + 15. What is d(-6)?
-27
Let j(p) = 2*p - 4. Give j(-5).
-14
Let l(u) = -u - 39. What is l(-36)?
-3
Let k(o) = -o**2 + 8*o + 5. What is k(3)?
20
Let o(n) = 2*n - 18. Give o(15).
12
Let r(d) = -d**3 - 10*d**2 + 10*d + 13. What is r(-11)?
24
Let y(h) = -h**3 + 3*h**2 + 6*h + 15. What is y(6)?
-57
Let q(r) = r**3 - 17*r**2 + 9*r + 10. Give q(16).
-102
Let k(h) = -2*h**2 - 37*h - 9. Determine k(-15).
96
Let a(n) = 2*n - 1. Determine a(6).
11
Let b(k) = -73*k + 352. Give b(5).
-13
Let b(s) = -s**3 + 11*s**2 - 26*s - 5. What is b(4)?
3
Let m(h) = 4*h**2 + 20*h + 8. What is m(-5)?
8
Let s(j) = -5*j**2 - 9*j - 1. What is s(-2)?
-3
Let n(q) = 132*q - 529. What is n(4)?
-1
Let g(m) = 5*m - 56. What is g(0)?
-56
Let c(o) = o**2 - 33*o - 482. Give c(-11).
2
Let b(o) = -16*o**2 + 2*o - 2. What is b(1)?
-16
Let b(i) = 2*i**2 + 19*i - 10. Give b(-10).
0
Let k(p) = p**3 - 5*p**2 + 4*p - 4. What is k(5)?
16
Let n(s) = -s**3 - 8*s**2 - s - 10. What is n(-8)?
-2
Let j(u) = u**2 + 5*u - 15. Determine j(-5).
-15
Let n(x) = x**3 - 7*x**2 - x. Determine n(3).
-39
Let p(v) = 8*v**3 + 9*v**2 + 1. Determine p(1).
18
Let h(z) = 6*z - 43. Calculate h(18).
65
Let q(b) = -3*b - 2. Calculate q(-9).
25
Let p(f) = -f. What is p(-2)?
2
Let h(n) = -3*n**2 - 3*n - 4. What is h(-3)?
-22
Let p(h) = -82*h + 423. What is p(5)?
13
Let j(z) = z - 40. What is j(5)?
-35
Let o(k) = k**2 + 22*k - 86. What is o(-26)?
18
Let n(j) = j**2 + 23*j + 35. What is n(-21)?
-7
Let w(h) = h + 6. Calculate w(9).
15
Let k(b) = 3*b + 20. Determine k(-5).
5
Let z(g) = g**3 + 7*g**2 + 2*g + 2. Calculate z(-6).
26
Let s(n) = -n**2 + 11*n - 13. Calculate s(7).
15
Let u(g) = -g + 2. What is u(1)?
1
Let l(y) = -y**3 + 9*y**2 - 2*y + 7. Give l(8).
55
Let m(c) = -c - 57. What is m(0)?
-57
Let g(j) = j + 16. Calculate g(-12).
4
Let g(j) = 27*j + 3. Give g(-1).
-24
Let s(i) = -3*i**2 - 6*i - 5. What is s(-3)?
-14
Let j(v) = v**2 - v - 13. Give j(0).
-13
Let t(d) = -d**3 + 2*d**2 - d - 20. What is t(0)?
-20
Let n(f) = f**3 - 2*f**2 + 3*f - 5. Give n(2).
1
Let f(k) = 12*k + 32. Calculate f(-9).
-76
Let w(n) = n**2 - 6*n - 11. Give w(9).
16
Let d(a) = 8*a - 15. Calculate d(-4).
-47
Let q(v) = -v**2 + 4*v + 19. Determine q(6).
7
Let y(p) = -48*p. What is y(-1)?
48
Let o(y) = 4*y - 13. What is o(4)?
3
Let a(y) = -y**2 - 14. Calculate a(0).
-14
Let w(a) = 2*a**2 + 17*a - 5. Determine w(-9).
4
Let h(y) = -4*y - 5. Give h(-7).
23
Let f(z) = -z**3 - 11*z**2 - 16*z - 10. Calculate f(-4).
-58
Let i(r) = r**2 + 26*r - 56. Calculate i(2).
0
Let p(h) = 47*h + 1. What is p(1)?
48
Let u(h) = 2*h**2 + 10*h - 30. Give u(-7).
-2
Let y(t) = t**2 - 14*t - 26. Calculate y(8).
-74
Let g(w) = w**3 - 3*w**2 - 2*w - 3. Give g(3).
-9
Let i(f) = f**3 + 5*f**2 - 2*f - 14. Calculate i(-5).
-4
Let n(y) = -5*y**2 + 11*y + 11. Calculate n(-3).
-67
Let g(p) = p**3 + p**2 + 2*p - 4. What is g(0)?
-4
Let i(r) = -6*r - 12. Give i(7).
-54
Let m(p) = -p**2 + 10*p - 57. Give m(8).
-41
Let r(f) = -f - 10. Determine r(-13).
3
Let q(j) = j**2 - 23*j + 101. Determine q(17).
-1
Let a(l) = -2*l + 9. Calculate a(7).
-5
Let p(h) = -15*h - 48. Give p(-7).
57
Let z(u) = -3*u**2 - 21*u - 1. Determine z(-7).
-1
Let w(y) = y**3 - 7*y**2 - 3*y - 1. Give w(7).
-22
Let n(q) = -6*q - 270. Give n(-43).
-12
Let j(o) = 9*o - 2. What is j(1)?
7
Let n(d) = d**3 - 10*d**2 + 9. Determine n(10).
9
Let o(c) = -10*c - 4. What is o(2)?
-24
Let k(i) = -2*i. Determine k(4).
-8
Let j(v) = 36*v + 305. What is j(-9)?
-19
Let k(v)